{"version":"1.0","provider_name":"Fondationdanoise","provider_url":"https:\/\/www.fondationdanoise.org\/en\/","author_name":"Fondation danoise","author_url":"https:\/\/www.fondationdanoise.org\/en\/author\/fdmarianne\/","title":"Hommage \u00e0 Claude Debussy - Fondationdanoise","type":"rich","width":600,"height":338,"html":"<blockquote class=\"wp-embedded-content\" data-secret=\"fKSImX54P3\"><a href=\"https:\/\/www.fondationdanoise.org\/en\/hommage-a-claude-debussy\/\">Hommage \u00e0 Claude Debussy<\/a><\/blockquote><iframe sandbox=\"allow-scripts\" security=\"restricted\" src=\"https:\/\/www.fondationdanoise.org\/en\/hommage-a-claude-debussy\/embed\/#?secret=fKSImX54P3\" width=\"600\" height=\"338\" title=\"&#8220;Hommage \u00e0 Claude Debussy&#8221; &#8212; Fondationdanoise\" data-secret=\"fKSImX54P3\" frameborder=\"0\" marginwidth=\"0\" marginheight=\"0\" scrolling=\"no\" class=\"wp-embedded-content\"><\/iframe><script type=\"text\/javascript\">\n\/*! This file is auto-generated *\/\n!function(c,d){\"use strict\";var e=!1,o=!1;if(d.querySelector)if(c.addEventListener)e=!0;if(c.wp=c.wp||{},c.wp.receiveEmbedMessage);else if(c.wp.receiveEmbedMessage=function(e){var t=e.data;if(!t);else if(!(t.secret||t.message||t.value));else if(\/[^a-zA-Z0-9]\/.test(t.secret));else{for(var r,s,a,i=d.querySelectorAll('iframe[data-secret=\"'+t.secret+'\"]'),n=d.querySelectorAll('blockquote[data-secret=\"'+t.secret+'\"]'),o=new RegExp(\"^https?:$\",\"i\"),l=0;l<n.length;l++)n[l].style.display=\"none\";for(l=0;l<i.length;l++)if(r=i[l],e.source!==r.contentWindow);else{if(r.removeAttribute(\"style\"),\"height\"===t.message){if(1e3<(s=parseInt(t.value,10)))s=1e3;else if(~~s<200)s=200;r.height=s}if(\"link\"===t.message)if(s=d.createElement(\"a\"),a=d.createElement(\"a\"),s.href=r.getAttribute(\"src\"),a.href=t.value,!o.test(a.protocol));else if(a.host===s.host)if(d.activeElement===r)c.top.location.href=t.value}}},e)c.addEventListener(\"message\",c.wp.receiveEmbedMessage,!1),d.addEventListener(\"DOMContentLoaded\",t,!1),c.addEventListener(\"load\",t,!1);function t(){if(o);else{o=!0;for(var e,t,r,s=-1!==navigator.appVersion.indexOf(\"MSIE 10\"),a=!!navigator.userAgent.match(\/Trident.*rv:11\\.\/),i=d.querySelectorAll(\"iframe.wp-embedded-content\"),n=0;n<i.length;n++){if(!(r=(t=i[n]).getAttribute(\"data-secret\")))r=Math.random().toString(36).substr(2,10),t.src+=\"#?secret=\"+r,t.setAttribute(\"data-secret\",r);if(s||a)(e=t.cloneNode(!0)).removeAttribute(\"security\"),t.parentNode.replaceChild(e,t);t.contentWindow.postMessage({message:\"ready\",secret:r},\"*\")}}}}(window,document);\n<\/script>\n","thumbnail_url":"https:\/\/www.fondationdanoise.org\/wp-content\/uploads\/2018\/05\/kombi.jpg","thumbnail_width":2540,"thumbnail_height":1980,"description":"Marianne CLEMENT THOMSEN &#8211; fl\u00fbte Maria BUNDG\u00c5RD &#8211; piano Revivez le son de Paris de la fin du 19e si\u00e8cle lors de ce concert d&#8217;hommage \u00e0 Claude Debussy propos\u00e9 par Marianne Clement Thomsen et Maria Bundg\u00e5rd, toutes les deux anciennes r\u00e9sidentes de la maison. Ses \u0153uvres les plus aim\u00e9es pour fl\u00fbte et piano seront au&hellip;"}

Hommage à Claude Debussy - Fondationdanoise

<blockquote class="wp-embedded-content" data-secret="fKSImX54P3"><a href="https://www.fondationdanoise.org/en/hommage-a-claude-debussy/">Hommage à Claude Debussy</a></blockquote><iframe sandbox="allow-scripts" security="restricted" src="https://www.fondationdanoise.org/en/hommage-a-claude-debussy/embed/#?secret=fKSImX54P3" width="600" height="338" title="&#8220;Hommage à Claude Debussy&#8221; &#8212; Fondationdanoise" data-secret="fKSImX54P3" frameborder="0" marginwidth="0" marginheight="0" scrolling="no" class="wp-embedded-content"></iframe><script type="text/javascript">
/*! This file is auto-generated */
!function(c,d){"use strict";var e=!1,o=!1;if(d.querySelector)if(c.addEventListener)e=!0;if(c.wp=c.wp||{},c.wp.receiveEmbedMessage);else if(c.wp.receiveEmbedMessage=function(e){var t=e.data;if(!t);else if(!(t.secret||t.message||t.value));else if(/[^a-zA-Z0-9]/.test(t.secret));else{for(var r,s,a,i=d.querySelectorAll('iframe[data-secret="'+t.secret+'"]'),n=d.querySelectorAll('blockquote[data-secret="'+t.secret+'"]'),o=new RegExp("^https?:$","i"),l=0;l<n.length;l++)n[l].style.display="none";for(l=0;l<i.length;l++)if(r=i[l],e.source!==r.contentWindow);else{if(r.removeAttribute("style"),"height"===t.message){if(1e3<(s=parseInt(t.value,10)))s=1e3;else if(~~s<200)s=200;r.height=s}if("link"===t.message)if(s=d.createElement("a"),a=d.createElement("a"),s.href=r.getAttribute("src"),a.href=t.value,!o.test(a.protocol));else if(a.host===s.host)if(d.activeElement===r)c.top.location.href=t.value}}},e)c.addEventListener("message",c.wp.receiveEmbedMessage,!1),d.addEventListener("DOMContentLoaded",t,!1),c.addEventListener("load",t,!1);function t(){if(o);else{o=!0;for(var e,t,r,s=-1!==navigator.appVersion.indexOf("MSIE 10"),a=!!navigator.userAgent.match(/Trident.*rv:11\./),i=d.querySelectorAll("iframe.wp-embedded-content"),n=0;n<i.length;n++){if(!(r=(t=i[n]).getAttribute("data-secret")))r=Math.random().toString(36).substr(2,10),t.src+="#?secret="+r,t.setAttribute("data-secret",r);if(s||a)(e=t.cloneNode(!0)).removeAttribute("security"),t.parentNode.replaceChild(e,t);t.contentWindow.postMessage({message:"ready",secret:r},"*")}}}}(window,document);
</script>

Marianne CLEMENT THOMSEN &#8211; flûte Maria BUNDGÅRD &#8211; piano Revivez le son de Paris de la fin du 19e siècle lors de ce concert d&#8217;hommage à Claude Debussy proposé par Marianne Clement Thomsen et Maria Bundgård, toutes les deux anciennes résidentes de la maison. Ses œuvres les plus aimées pour flûte et piano seront au&hellip;
